 + 20. Let y = g + 29. List the prime factors of 6 - 3 - y/(-1).
2, 3, 7
Let c(o) = o**2 - 9*o + 17. Let g be c(7). Let w(q) = -83*q**g + 4 + 82*q**3 + 8*q**2 - 1. List the prime factors of w(7).
2, 13
Let x = 230 + -325. What are the prime factors of 4*1 + 7/((-7)/x)?
3, 11
Suppose -5*r + 252 = 4*q, 13*r - 2*q - 90 = 11*r. List the prime factors of r.
2, 3
Let a(v) = 43*v**3 + v**2 - 3*v + 7. What are the prime factors of a(2)?
349
Let g(m) = m**3 + 4*m**2 - 2*m - 2. Let p be g(-4). Suppose -1225 = 26*u - 19*u. What are the prime factors of (-4 + p)*u/(-10)?
5, 7
What are the prime factors of 2 + (1044 - 1 - -1)?
2, 523
Let q(n) = -11*n - 8. Let u be ((-28)/6)/((-12)/(-18)). List the prime factors of q(u).
3, 23
Let n(x) = -x**3 - 17*x**2 + 19*x + 17. Let y be n(-18). What are the prime factors of (191 - (7 - 4)) + 3 + y?
2, 5, 19
Let x = -24 - -17. Let h(a) = -12*a + 16*a - 6*a - 4. What are the prime factors of h(x)?
2, 5
Let s = -726 + 1515. List the prime factors of s.
3, 263
Let q(w) = -4*w**2 - 10*w + 5. Let h(o) = -5*o**2 - 10*o + 5. Let i(c) = 2*h(c) - 3*q(c). What are the prime factors of i(-8)?
43
Let m = 32 + -21. Suppose -15*x = -m*x - 196. What are the prime factors of x?
7
Let i(c) = -c**2 - 3*c + 11. Let v be i(-5). What are the prime factors of ((-10)/20)/(v*2/(-116))?
29
What are the prime factors of 6*377 - (123 - 117)?
2, 3, 47
Suppose -5*t = 17 - 62. Let f = 14 + -7. Suppose t = 4*r - f. What are the prime factors of r?
2
Let o = 35 - 30. Suppose -5*d + n + 76 = -0*n, -2*d = -o*n - 12. What are the prime factors of d?
2
Let x be (-3 - -4)/((-2)/(-8)). Suppose x*m - 250 - 174 = -4*t, 4*t = 4*m - 416. List the prime factors of m.
3, 5, 7
Let p = -13 - -15. Let m(y) = 7*y - 4*y + 0*y - p*y + 12. What are the prime factors of m(-9)?
3
Let k be 1/(1 + (-72)/75). Suppose w - 1 = k. Suppose h - 4*p - w = 0, 51 = 3*h + 3*p - 6*p. List the prime factors of h.
2, 7
Let r be (-282*4)/(2 - 1). Let v be (-2)/(-5) + r/(-30). Suppose v = 2*b - 0*b. List the prime factors of b.
19
Suppose -3*z + 19 = 2*l, 3 + 1 = z + 3*l. Suppose 63 = i + z. Let q = i - 32. What are the prime factors of q?
2, 3
Let c be (4 - 27/6)*0. Suppose -7*v + 230 = -2*v + 5*g, 3*v - 4*g = 131. Suppose c*z = 5*z - v. What are the prime factors of z?
3
Let p(u) = u**2 - u. Let h(c) = c**2 + 8*c - 7. Let f(g) = h(g) - 2*p(g). Let r be f(9). Suppose -2 = -r*z + 12. What are the prime factors of z?
7
Let o = 13 - 18. Let i be (142 + -1)/((-5)/o). Suppose i = 2*s + s - 3*r, -3*s - 3*r + 123 = 0. List the prime factors of s.
2, 11
Let x(f) be the second derivative of -f**5/5 + f**4/6 - f**3/6 - f**2 + 3*f. Let z be x(-2). Suppose 0 = 3*m - m - z. What are the prime factors of m?
2, 5
Suppose 3*g = 5*t + 2150 + 954, 5*t = 5*g - 5180. What are the prime factors of g?
2, 3, 173
Let v = 1122 + -175. List the prime factors of v.
947
Suppose 6 + 0 = 3*i. Suppose -n + 5 = 3*q, 0 = -2*q - 3*q - 3*n + 15. Suppose -3*o - i*v + q*v = -7, -5*v - 10 = 2*o. What are the prime factors of o?
5
Suppose -35 = -2*u - 5. Suppose u*v = 20*v - 365. What are the prime factors of v?
73
Let l be (-7 + 0)*192/16. Let x = -37 - l. What are the prime factors of x?
47
Let y = 45 + -43. Suppose 372 = 3*i - y*h + 124, -5*i - 4*h = -384. What are the prime factors of i?
2, 5
Let w = 5177 - 3610. What are the prime factors of w?
1567
Let m(r) = 149*r - 981. List the prime factors of m(28).
3191
Let b be ((-2)/3)/(((-13)/(-42))/(-13)). Let z = -6 - -9. Let c = b - z. List the prime factors of c.
5
Let a be (17 - 15)*61*1. Suppose 4*o + 5*y - a = 0, -3*o = -2*o + 5*y - 38. What are the prime factors of o?
2, 7
Let t = 5 - 1. Suppose -2*f = -7*f + 4*r - 378, -2*r - 318 = t*f. What are the prime factors of 12/f - (-158)/13?
2, 3
Let q be (220/33)/((-4)/6). List the prime factors of 20 + -3 + 4/((-8)/q).
2, 11
Let j be 7*(2 + -5 - 0). Let r be 153/j + (-6)/(-21). Let f = -2 - r. List the prime factors of f.
5
Let g = 5945 - 2285. List the prime factors of g.
2, 3, 5, 61
Let i = 46 + 24. Let w = i + -4. Suppose p + p = w. What are the prime factors of p?
3, 11
Let j(a) = -a + 8. Let t be j(-7). Suppose -101 = -o + t. Suppose u - 2*k - 24 = 0, -o = -4*u + 5*k - 35. List the prime factors of u.
2, 7
Suppose 741 = 4*y + n - 2471, -5*y = -3*n - 4032. List the prime factors of y.
2, 3, 67
Let d(z) = -4*z + 29. Let a be d(7). List the prime factors of a + -1 + (1 - -71).
2, 3
Let q = 34 - 30. Suppose -4 = 2*p - 6*p, q*b - 182 = -2*p. What are the prime factors of b?
3, 5
Let l(b) = b**3 - 3*b**2 + 5*b - 5. Let q be l(3). Let j be (-7)/(-28) + q/(-8). List the prime factors of 413/14 + j/2.
29
Let c be (-2)/(-2 + (-12)/(-7)). Suppose 0 = -c*p + 2*p + 115. Let m = p - 12. What are the prime factors of m?
11
Suppose -88343 - 18707 = -50*k. What are the prime factors of k?
2141
Let z(y) = -762*y + 0 + y**2 + 774*y + 20. List the prime factors of z(-15).
5, 13
Suppose -s + 3*z + 856 = 8*z, z + 826 = s. What are the prime factors of s?
3, 277
Suppose c + 2*c = 18. List the prime factors of (-4)/6*363/c*-6.
2, 11
What are the prime factors of (-5)/(5 - 0) - 4*-995?
23, 173
Let b(w) = 4*w**2 - 2*w. Let k be b(-3). Let j(i) = 5*i - 22. Let x be j(12). Suppose k = 4*f - x. What are the prime factors of f?
2, 5
Let v(r) be the first derivative of r**3/3 + 7*r**2/2 + 26*r - 15. What are the prime factors of v(-6)?
2, 5
Let r be ((-4)/(-6))/((-2)/33). Let o = r + 15. Suppose -10 = 2*h, o*a = 2*a - 5*h + 19. What are the prime factors of a?
2, 11
Let r(k) = 19*k**2 - 4*k + 3. Let c be r(2). Suppose -5*w + c = 4*p, 2*p - p - 5*w = 24. What are the prime factors of p?
19
Suppose -5*p + 7 = -53. Suppose 4*i = -4 + p. Suppose 5*h - 53 = -i*a, 2*h - 109 = -3*a - 24. What are the prime factors of a?
29
Let k(f) = -f**2 - 2*f + 2. Let z be k(-3). What are the prime factors of -1 - (z - -2 - 25)?
23
Let x be 5/(-40) + 1/8. Suppose x = -r - 0*r + 110. List the prime factors of r.
2, 5, 11
Let p be (1*8)/(-1 - -3). Suppose 0*h = p*h - 12. Let n(v) = 2*v**2 - 3*v + 2. What are the prime factors of n(h)?
11
Let l(n) be the second derivative of -13*n + n**3 - 6*n**2 + 56 - 56. What are the prime factors of l(14)?
2, 3
Let s = 2706 + -1134. List the prime factors of s.
2, 3, 131
Suppose 3*n - 1356 = 2*n - 4*c, 2*n + 5*c = 2709. List the prime factors of n.
2, 13
Let w(f) = -11*f. Let t be w(-18). Suppose -v - t = -4*v. List the prime factors of v.
2, 3, 11
Suppose 0 = -4*l - l + 35. Let t = l - 7. Suppose 0 = 4*k - t*k - 76. What are the prime factors of k?
19
Let w be 5/(-25) - 136/(-5). Let m be (-1 + w/12)*-12. Let x = m - -39. List the prime factors of x.
2, 3
Let j(h) = h**2 - 9*h + 17. Let r be j(7). List the prime factors of (152/(-57))/((-1)/r + 0).
2
Suppose 0 = 11*o - 3*o + 128. Let x = o + 21. Suppose a = -x*c + 4*a + 15, 0 = a. What are the prime factors of c?
3
Let t(s) = -7*s**2 + 23*s + 17 + 20*s**2 - 9*s - 11*s**2. What are the prime factors of t(-14)?
3, 71
Let a(r) be the second derivative of r**5/20 + 5*r**4/24 + r**3/3 - r**2 + r. Let y(q) be the first derivative of a(q). What are the prime factors of y(-3)?
2, 7
List the prime factors of ((-26)/(-8))/((-3)/(-960)).
2, 5, 13
Let n be (-13)/5 + 3 - (-6339)/15. Suppose -1079 = -8*k - n. List the prime factors of k.
2, 41
Let o = 89 - 64. Suppose 0 = n - 86 + o. Let h = -33 + n. List the prime factors of h.
2, 7
Let z(u) = -2*u**3 + 15*u**2 + 12*u - 5. What are the prime factors of z(8)?
3
Let q(m) = 1 - 2*m - 2 + 7*m**3 - 4*m**3. Suppose 4*j - 5*s = 3 + 5, -3*s = 3*j - 6. List the prime factors of q(j).
19
Suppose -19*t + 2*i = -23*t + 15948, -t + 3987 = 5*i. What are the prime factors of t?
3, 443
Let i be (2/6)/(3/36). List the prime factors of (-1)/((0 + i)/(-308)).
7, 11
Let k(i) = 4*i - 4 + 12*i - 9. List the prime factors of k(7).
3, 11
Suppose -1048*q + 1045*q + 5904 = 0. List the prime factors of q.
2, 3, 41
Let v = 3276 - 2262. What are the prime factors of v?
2, 3, 13
Let w(p) = -p**3 - 2*p**2 + p + 669. List the prime factors of w(0).
3, 223
Suppose -414 = g + 2*x - 1274, 5*x = 2*g - 1693. List the prime factors of g.
2, 7, 61
What are the prime factors of 58338/81 + 6/(-27)?
2, 3, 5
Let g = -120 - -284. Let s = g - -20. List the prime factors of s.
2, 23
Let t